 15 divide 314?
False
Does 26 divide 999?
False
Is 61 a factor of 16455?
False
Does 8 divide 2716?
False
Is 16857 a multiple of 14?
False
Is 2 a factor of 238?
True
Does 9 divide 414?
True
Is 69 a factor of 1035?
True
Is 18879 a multiple of 29?
True
Is 30 a factor of 37592?
False
Does 55 divide 5813?
False
Does 18 divide 84806?
False
Is 153 a multiple of 44?
False
Is 249 a multiple of 47?
False
Is 7 a factor of 544?
False
Is 93 a factor of 7068?
True
Does 13 divide 56837?
False
Is 329 a multiple of 47?
True
Is 280 a multiple of 20?
True
Is 6203 a multiple of 19?
False
Is 532 a multiple of 4?
True
Is 1111 a multiple of 47?
False
Is 79 a factor of 711?
True
Is 31 a multiple of 2?
False
Is 8 a factor of 202?
False
Does 21 divide 115?
False
Is 14958 a multiple of 54?
True
Is 23 a factor of 2831?
False
Does 31 divide 3662?
False
Is 96 a factor of 288?
True
Does 136 divide 2022?
False
Is 2167 a multiple of 11?
True
Is 8 a factor of 767?
False
Is 154 a multiple of 22?
True
Does 109 divide 2706?
False
Is 11 a factor of 2156?
True
Does 14 divide 173?
False
Is 7 a factor of 2667?
True
Does 2 divide 6016?
True
Is 26 a factor of 1066?
True
Is 14 a factor of 68966?
False
Is 1168 a multiple of 16?
True
Is 10 a factor of 181?
False
Is 27 a factor of 378?
True
Is 75 a factor of 50465?
False
Does 101 divide 29889?
False
Is 43381 a multiple of 78?
False
Is 2412 a multiple of 14?
False
Is 5 a factor of 18771?
False
Does 24 divide 1272?
True
Is 49 a factor of 5355?
False
Does 52 divide 6242?
False
Is 30 a factor of 278?
False
Does 61 divide 1136?
False
Is 6 a factor of 14213?
False
Is 26464 a multiple of 26?
False
Does 16 divide 584?
False
Is 4 a factor of 9851?
False
Does 47 divide 799?
True
Does 48 divide 3429?
False
Is 77700 a multiple of 37?
True
Does 15 divide 105?
True
Is 2412 a multiple of 3?
True
Is 30 a factor of 5130?
True
Does 10 divide 360?
True
Does 360 divide 64297?
False
Is 18214 a multiple of 124?
False
Is 1101 a multiple of 39?
False
Is 16 a factor of 4320?
True
Is 1281 a multiple of 19?
False
Is 9 a factor of 180?
True
Does 9 divide 24?
False
Does 36 divide 21240?
True
Is 13932 a multiple of 54?
True
Does 15 divide 10352?
False
Does 21 divide 2268?
True
Is 870 a multiple of 7?
False
Is 25 a factor of 1650?
True
Does 3 divide 176?
False
Is 516 a multiple of 86?
True
Does 18 divide 108?
True
Is 13 a factor of 674?
False
Does 93 divide 104?
False
Is 10 a factor of 16830?
True
Is 2159 a multiple of 127?
True
Does 56 divide 616?
True
Is 17156 a multiple of 14?
False
Is 1245 even?
False
Is 4546 a multiple of 5?
False
Is 16 a factor of 28814?
False
Is 8973 a multiple of 3?
True
Is 10 a factor of 5859?
False
Is 13477 a multiple of 73?
False
Is 29264 a multiple of 124?
True
Is 106464 a multiple of 48?
True
Is 42 a factor of 38808?
True
Is 367 a multiple of 27?
False
Is 4080 a multiple of 39?
False
Is 2331 a multiple of 18?
False
Is 2628 a multiple of 4?
True
Does 239 divide 28202?
True
Is 104 a factor of 1456?
True
Does 111 divide 2109?
True
Is 1441 a multiple of 17?
False
Is 17 a factor of 48?
False
Does 42 divide 798?
True
Is 23 a factor of 13984?
True
Is 1216 a multiple of 11?
False
Is 75 a factor of 6675?
True
Is 4445 a multiple of 127?
True
Is 10 a factor of 210?
True
Does 162 divide 58644?
True
Does 60 divide 14400?
True
Is 38 a factor of 12957?
False
Is 32 a factor of 384?
True
Does 7 divide 4223?
False
Is 17 a factor of 48161?
True
Does 28 divide 280?
True
Is 5 a factor of 1233?
False
Is 8 a factor of 69?
False
Is 5454 a multiple of 4?
False
Is 17 a factor of 799?
True
Is 42 a factor of 11970?
True
Is 1548 a multiple of 67?
False
Does 81 divide 85335?
False
Does 28 divide 97496?
True
Is 264 a multiple of 5?
False
Is 8 a factor of 12?
False
Is 10374 a multiple of 133?
True
Is 1919 a multiple of 8?
False
Does 7 divide 62?
False
Is 23 a factor of 47?
False
Is 26389 a multiple of 11?
True
Is 2112 a multiple of 22?
True
Does 149 divide 17792?
False
Is 22 a factor of 486?
False
Is 44481 a multiple of 38?
False
Is 2032 a multiple of 6?
False
Is 2985 a multiple of 63?
False
Is 5548 a multiple of 19?
True
Is 768 a multiple of 24?
True
Is 136 a factor of 22588?
False
Does 12 divide 48?
True
Is 35 a multiple of 5?
True
Is 11091 a multiple of 12?
False
Is 396 a multiple of 7?
False
Is 19 a factor of 2204?
True
Does 7 divide 1161?
False
Does 31 divide 434?
True
Is 68 even?
True
Is 12 a factor of 55347?
False
Is 4254 a multiple of 14?
False
Is 28 a factor of 12018?
False
Does 2 divide 146?
True
Is 188 a factor of 1810?
False
Does 3 divide 8481?
True
Does 33 divide 693?
True
Does 4 divide 740?
True
Is 22 a factor of 32428?
True
Is 4907 a multiple of 15?
False
Is 19 a factor of 424?
False
Is 150 a multiple of 15?
True
Is 87 a multiple of 71?
False
Is 31 a factor of 22433?
False
Is 264 a multiple of 12?
True
Does 11 divide 38713?
False
Is 11 a factor of 35616?
False
Is 13 a factor of 3900?
True
Is 258 a multiple of 3?
True
Does 15 divide 174?
False
Is 235 a multiple of 6?
False
Does 39 divide 2943?
False
Is 22596 a multiple of 7?
True
Is 2687 a multiple of 12?
False
Is 5 a factor of 2675?
True
Does 249 divide 45493?
False
Is 1584 a multiple of 16?
True
Is 3450 a multiple of 50?
True
Does 169 divide 50700?
True
Is 727 a multiple of 8?
False
Does 80 divide 800?
True
Is 11 a factor of 4565?
True
Is 15 a factor of 1180?
False
Is 11016 a multiple of 27?
True
Does 12 divide 34943?
False
Is 363 a multiple of 5?
False
Is 31870 a multiple of 119?
False
Is 9 a factor of 2870?
False
Is 7 a factor of 1644?
False
Is 48 a factor of 2346?
False
Is 461 a multiple of 4?
False
Does 11 divide 1234?
False
Is 848 a multiple of 8?
True
Does 17 divide 391?
True
Is 348 even?
True
Is 17 a factor of 14236?
False
Is 3669 a multiple of 5?
False
Does 12 divide 3060?
True
Is 14 a factor of 392?
True
Is 12 a factor of 68700?
True
Does 166 divide 4980?
True
Is 50432 a multiple of 8?
True
Is 12 a factor of 1479?
False
Is 65 a factor of 9035?
True
Is 3161 a multiple of 109?
True
Is 12 a factor of 360?
True
Is 7192 a multiple of 62?
True
Is 36 a factor of 478?
False
Is 12 a factor of 1412?
False
Is 822 a multiple of 23?
False
Does 74 divide 51430?
True
Does 12 divide 3612?
True
Does 129 divide 1419?
True
Does 3 divide 2452?
False
Is 8285 a multiple of 25?
False
Is 1276 a multiple of 58?
True
Is 9994 a multiple of 6?
False
Is 33954 a multiple of 6?
True
Is 7 a factor of 812?
True
Is 4183 a multiple of 67?
False
Does 48 divide 1200?
True
Does 12 divide 9780?
True
Is 8 a factor of 8410?
False
Is 791 a multiple of 22?
False
Does 4 divide 213?
False
Does 55 divide 61930?
True
Is 18314 a multiple of 181?
False
Is 162 a multiple of 18?
True
Is 154 a multiple of 7?
True
Is 3 a factor of 77?
False
Does 13 divide 698?
False
Is 65 a factor of 31098?
False
Does 20 divide 3260?
True
Does 94 divide 752?
True
Is 74 a factor of 14832?
False
Does 117 divide 77805?
True
Does 61 divide 2552?
False
Does 35 divide 980?
True
Does 36 divide 21275?
False
Does 43 divide 903?
True
Does 3 divide 1366?
False
Is 860 a multiple of 10?
True
Does 30 divide 2336?
False
Is 12 a factor of 5836?
False
Is 55 a factor of 389?
False
Does 19 divide 1805?
True
Is 13 a factor of 85716?
False
Is 139 a factor of 1668?
True
Does 22 divide 1537?
False
Does 24 divide 2705?
False
Is 243 a multiple of 27?
True
Is 468 a multiple of 36?
True
Does 3 divide 15?
True
Is 71 a factor of 643?
False
Is 5 a factor of 552?
False
Does 50 divide 4061?
False
Is 1105 a multiple of 19?
False
Is 19152 a multiple of 57?
True
Is 29 a factor of 58?
True
Is 5470 a multiple of 41?
False
Is 567 even?
False
Does 119 divide 12536?
False
Is 12 a factor of 1109?
False
Does 15 divide 14073?
False
Does 35 divide 36033?
False
Is 31 a factor of 568?
False
Is 351 a multiple of 9?
True
Does 92 divide 6532?
True
Is 39046 a multiple of 15?
False
Does 40 divide 7240?
True
Is 1523 a multiple of 85?
False
Is 21 a factor of 2457?
True
Is 76 a factor of 57793?
False
Is 79 a multiple of 13?
False
Is 452 a multiple of 6?
False
Is 50274 a multiple of 38?
True
Is 64 a factor of 47779?
False
Does 11 divide 9812?
True
Does 170 divide 16150?
True
Does 20 divide 711?
False
Is 1243 even?
False
Is 44 a factor of 2992?
True
Is 92 a multiple of 74?
False
Does 21 divide 4407?
False
Is 302 a m